e third derivative of a**5/30 + a**4/3 + 3*a**3/2 + 2*a**2. Is y(-6) a prime number?
False
Suppose 0*u = 4*u - 8. Is (18/3)/u + 64 a prime number?
True
Suppose 769 = -49*w + 50*w. Is w a prime number?
True
Suppose -j = -1, -3*r - j + 51 = -7. Suppose 2*h - r = -5*v + 186, -200 = -5*v - h. Is v a composite number?
True
Suppose 160 = -5*l - 0*l. Let x = -17 - l. Is (x + -5)*(-58)/(-4) a prime number?
False
Let i(s) = s**2 - 2*s - 5. Is i(-3) a composite number?
True
Let b be ((-20)/(-15))/(4/6). Is (-6)/2*(-3 - b) prime?
False
Let f be (-6)/15 + 6/15. Suppose f = -z + 2*z - 15. Is z prime?
False
Let y(w) be the third derivative of -1/24*w**4 + 0*w - 1/6*w**3 + w**2 + 11/20*w**5 + 0. Is y(-1) a prime number?
False
Let n = 6 - 6. Suppose 110 = 5*f - 3*w, n = 4*f + w + 2*w - 115. Is f a composite number?
True
Let k be 2/((-3)/5 - -1). Let p(t) = 2*t - 14. Let s be p(8). Suppose k*z = -4*f - f + 270, z + 105 = s*f. Is f a composite number?
False
Let u = 3 + -1098. Is (-1 - -3) + u/(-5) prime?
False
Suppose 4*n = n + 75. Suppose u - 5 = -m + n, 2*u = -5*m + 75. Let s = u + -15. Is s a prime number?
False
Let k = -2326 + 3553. Is k composite?
True
Let m(b) = -b**3 - 3*b**2 + 5*b - 2. Let j be m(-5). Is j/(-2)*(-5 + 3) a composite number?
False
Let o = 116 + -40. Let l = o - 39. Is l a composite number?
False
Let u = 604 - 348. Let y = u + -23. Is y a prime number?
True
Suppose -2*x = -2*v - 303 - 281, x - 5*v - 288 = 0. Is x a prime number?
True
Suppose -29*v - 1010 = -31*v. Is v composite?
True
Let r(y) = 4*y - 3. Let h = -1 + 7. Is r(h) a prime number?
False
Let r(j) = -j**2 - 4*j + 5. Let k be r(-4). Suppose 0*t + k*t = 130. Is t a composite number?
True
Is (1 + -4 - 1178)/(-1) composite?
False
Suppose 0 = -3*x - 2*t + 955, t - 6*t = -3*x + 941. Is x prime?
True
Is (-13626)/(-4) + (-2 - (-40)/16) a composite number?
False
Is -1 - (-84)/9*24 prime?
True
Suppose 3 + 1 = 2*g. Suppose 2*t - 5 = v + 38, 9 = t + g*v. Is (-3)/1 + t + -5 composite?
False
Let s be 5908/(-18) - (-18)/81. Is (-1)/(-7) - s/7 a prime number?
True
Let l(b) = -1036*b**3. Let p be l(-1). Suppose -c + 5*c - p = 0. Is c prime?
False
Is 2/12*-4*17205/(-10) a composite number?
True
Is 4721/6 - (-2)/12 a prime number?
True
Suppose -8 = 4*l - 6*l. Suppose -531 = -l*u + 289. Is u a composite number?
True
Let p be 297/6 - (-2)/4. Let x = -53 + 24. Let u = p + x. Is u a composite number?
True
Suppose 0 = q + q - 164. Is q a prime number?
False
Suppose -4*d + u + 473 = 0, -d - 4*u + 12 + 119 = 0. Is d prime?
False
Let d be 0 + (-1 - -2) - -5. Let z(r) = 14*r + 3. Is z(d) a prime number?
False
Let o = -30 - -40. Let h(w) be the third derivative of w**4/24 - 7*w**3/6 - w**2. Is h(o) a prime number?
True
Let s(x) = x**2 - 12*x + 3. Let p be s(12). Suppose 154 = 3*a - j + 43, p*a + 3*j = 111. Is a a prime number?
True
Let c be (-4 - 4)/(-2) + 0. Is -174*(2/c)/(-1) composite?
True
Suppose 0 = 3*n + 3*o - 813, -2*n - 4*o + 539 = -3*o. Suppose 3*d - n = -d. Let w = d + -48. Is w a composite number?
False
Let x be ((-2)/(-6)*0)/2. Suppose c = -2*t - 5, x = -2*c - c + 2*t + 17. Suppose -3 = -2*f - 5*m, c*f - 36 = m - 6. Is f a prime number?
False
Suppose -4*b - 24 = -4*g, 2*b - 5*g + 13 + 5 = 0. Let h = 15 + b. Is h a composite number?
False
Suppose 2*l = -2*l + 1244. Let j = l - 166. Is j prime?
False
Let t(o) = 4*o**3 + o**2 - o + 1. Is t(5) a composite number?
False
Let p(a) = -51*a + 9. Let h be p(6). Let s = h - -518. Is s prime?
False
Let u(l) = 16*l + 53. Is u(27) a composite number?
True
Let u be ((-4)/3)/((-1)/9). Let f(l) = l**3 + l**2 + l + 23. Let n be f(0). Suppose 5*z - u - n = 0. Is z a composite number?
False
Suppose -2*w = 2*a - 794 - 112, 0 = 4*a + 2*w - 1822. Suppose 2*f = -3*t + a, -4*f + 948 = -0*f - 2*t. Is f composite?
True
Is 6/3 + (54 - 1) prime?
False
Let u be (-56)/(-35)*90/(-4). Suppose -25 = -3*p + 4*p. Let o = p - u. Is o composite?
False
Suppose -q = -2 - 0. Suppose 2 = -2*c - 2, 262 = q*p - 4*c. Is p composite?
False
Suppose -3*v + 2*z + 911 = -0*v, -v - z + 297 = 0. Is v a composite number?
True
Suppose -5*b + 20 = -b. Suppose 965 + 2310 = b*x. Is x prime?
False
Suppose 3*u = -5*c + u + 18, -2*c + 13 = -5*u. Suppose -224 = -4*w - c*l, 3*l - 7*l = -2*w + 124. Suppose -4*g - w = -2*h, 181 = -0*h + 5*h + 2*g. Is h prime?
False
Let g = -251 - -354. Suppose -3*m - d = -g, 27 = 3*m - 2*d - 73. Is m a composite number?
True
Let u = -6 + 6. Suppose u = -3*g - 2*g + 130. Is g composite?
True
Let r be ((-6)/(-9))/((-5)/(-15)). Let x = r + 21. Is x composite?
False
Suppose -4*i = -7*i + 2559. Is i a composite number?
False
Let r = -3 + 22. Is r a prime number?
True
Let i(k) = k**3 + 12*k**2 + 11*k + 5. Let w be i(-11). Suppose -n + w*d = -234, 5*n - d - 1270 = 4*d. Is n a prime number?
False
Let l(c) = 11*c - 3. Let w = 3 + -1. Is l(w) a composite number?
False
Let s(x) = x**2 + 4*x - 6. Is s(9) a composite number?
True
Suppose 4*c - 6 = 2*l, 5*c + 2*l - 4*l = 9. Is -2 - (-141 + (-6)/c) a composite number?
True
Let o = -67 - -110. Let m = -12 + o. Is m composite?
False
Let v(t) = t**3 + 16*t**2 + 16*t + 14. Is v(-11) a composite number?
False
Let c(h) = 0*h + 2 + 0 + 25*h. Let g be c(8). Suppose 5*s = w - 43, -2*w + 5*s + g = 2*w. Is w a composite number?
False
Suppose 4*a - 1249 = 2*r - 5091, -3 = -a. Let z = r + -810. Is z composite?
False
Let b(j) = j**3 - 16*j**2 - j - 18. Let d be b(16). Let n be (6/(-8))/((-2)/(-56)). Let h = n - d. Is h a composite number?
False
Let x = -1 - -3. Is (-741)/(-2)*x/3 a prime number?
False
Let k(j) = 3*j**3 - 5*j + 6. Let m be k(7). Let v = m - 705. Is v prime?
False
Suppose 0 = -0*j - 3*j + 3. Let a = 1 + j. Let k = 24 - a. Is k prime?
False
Suppose 25 = -2*f - 19. Let s = f + 46. Suppose -s = -a - 5. Is a a composite number?
False
Suppose -4*d - 5 = -5*z - 0, 35 = -4*d - 5*z. Let t(c) = 15*c**2 + 5*c - 11. Let p(h) = 7*h**2 + 3*h - 6. Let k(n) = d*p(n) + 3*t(n). Is k(4) a prime number?
True
Suppose 2*w - 154 = 124. Is w a prime number?
True
Let d(l) = -3*l**3 + l**2 - l - 1. Let z be d(-1). Let w = -4 + z. Suppose -4*k + 3*k + 4*a + 33 = w, -60 = -5*k - a. Is k prime?
True
Let g(m) = -5*m**2 + m**3 - 2*m + 7 + 8*m + 3 - 3*m**2. Let d be g(7). Is 58/d - 4/12 a prime number?
True
Let j be -103*(1*-3)/(-3). Let o = -54 - j. Is o a prime number?
False
Let v(g) = g**2. Let a be v(-2). Suppose -i + 1 = -a*b, 3*b + 3 + 3 = -i. Is (b + 2)/(4/76) composite?
False
Suppose -4 = -0*t - 2*t. Suppose w + 0*w + 5*h = 19, 0 = -2*w - t*h - 2. Is (-2)/w + (-2500)/(-15) a prime number?
True
Let q = -5 - -5. Suppose q = 2*n + 2*i - 240, 0*n - 3*i - 235 = -2*n. Let c = n + 26. Is c a composite number?
True
Let v = 10 - 6. Let u(m) = -m**2 - 5*m - 2. Let b be u(-4). Suppose -v*l + 106 = -b*l. Is l composite?
False
Suppose 12*b - 20*b = -14712. Is b prime?
False
Suppose 2*u + 5*j = 1683, 3*j - 620 - 222 = -u. Is u a prime number?
True
Let y(u) = 2*u - 6. Suppose -3*i = -13 + 1. Let s be y(i). Suppose -3*d = s*d - 95. Is d a composite number?
False
Suppose -4*h = -5*h + 353. Is h a prime number?
True
Suppose 4*i + 88 = 2*c - 42, -5*c = i - 270. Suppose 2*l - 585 + c = 0. Is l prime?
False
Suppose 4*t - 259 = -s + 103, 4*s - t - 1431 = 0. Is s a prime number?
False
Let q be 8386 - 1/1 - -3. Is ((-1)/(-4))/(9/q) composite?
False
Let f(k) be the second derivative of -5*k**3/2 - 7*k**2/2 + 3*k. Is f(-6) a prime number?
True
Let g be (2/(-4))/(4/(-240)). Is (-2)/(-5) - (-918)/g a prime number?
True
Let z be (-10)/55 - (-884)/22. Let q = 66 - z. Is q composite?
True
Let g(v) = -v**2 + 14*v - 14. Is g(9) a composite number?
False
Let i be (2 + 3/(-2))*2. Suppose -i + 26 = 5*o. Suppose -o*l + 57 = -238. Is l prime?
True
Let k be (-15)/5*(-20)/6. Suppose -f - 4*l + 6 = 2*f, -l = -5*f + k. Is (-1)/(-1)*44/f composite?
True
Let a(m) = -m**3 + m**2 - m + 2. Let q be a(2). Let r(b) = -14*b - 7. Let f(h) = -15*h - 8. Let o(c) = q*f(c) + 5*r(c). Is o(-5) composite?
False
Suppose -92 + 8 = a. Let o = a - -161. Is o a prime number?
False
Let k(t) = -162*t + 17. Is k(-7) composite?
False
Let t be 6*4/(2/2). Let w = -16 + t. Suppose -245 = -w*f + 3*f. Is f a prime number?
False
Suppose 5*r - 6*r = 12. Let w = -7 - -2. Let z = w - r. Is z prime?
True
Let w be 38/8 - 6/8. Let a(